emainder when 8672 is divided by 943.
185
What is the remainder when 410408 is divided by 22?
20
Calculate the remainder when 37020 is divided by 22.
16
Calculate the remainder when 765 is divided by 95.
5
What is the remainder when 286252 is divided by 161?
155
Calculate the remainder when 12830 is divided by 33.
26
Calculate the remainder when 11484 is divided by 5.
4
What is the remainder when 21116 is divided by 203?
4
What is the remainder when 32599 is divided by 228?
223
Calculate the remainder when 16039 is divided by 4009.
3
What is the remainder when 21736 is divided by 186?
160
What is the remainder when 1136682 is divided by 165?
162
Calculate the remainder when 463268 is divided by 19.
10
Calculate the remainder when 118333 is divided by 43.
40
What is the remainder when 129312 is divided by 965?
2
Calculate the remainder when 60133 is divided by 15030.
13
Calculate the remainder when 7798 is divided by 1001.
791
Calculate the remainder when 3182 is divided by 629.
37
Calculate the remainder when 6891 is divided by 3426.
39
What is the remainder when 24130 is divided by 1538?
1060
Calculate the remainder when 7434 is divided by 285.
24
What is the remainder when 15144 is divided by 893?
856
Calculate the remainder when 8496 is divided by 164.
132
What is the remainder when 2435 is divided by 35?
20
Calculate the remainder when 10171 is divided by 111.
70
What is the remainder when 4510 is divided by 2003?
504
What is the remainder when 2707 is divided by 91?
68
What is the remainder when 734 is divided by 713?
21
Calculate the remainder when 1709 is divided by 198.
125
Calculate the remainder when 1125 is divided by 433.
259
Calculate the remainder when 50612 is divided by 118.
108
What is the remainder when 257913 is divided by 380?
273
Calculate the remainder when 460595 is divided by 280.
275
Calculate the remainder when 1155389 is divided by 570.
569
Calculate the remainder when 29823 is divided by 9939.
6
Calculate the remainder when 39203 is divided by 1154.
1121
Calculate the remainder when 24669 is divided by 65.
34
Calculate the remainder when 351177 is divided by 2701.
47
What is the remainder when 3468 is divided by 1725?
18
Calculate the remainder when 141271 is divided by 90.
61
What is the remainder when 10429 is divided by 25?
4
Calculate the remainder when 1095 is divided by 218.
5
Calculate the remainder when 98949 is divided by 39.
6
Calculate the remainder when 244595 is divided by 263.
5
Calculate the remainder when 6385 is divided by 2682.
1021
Calculate the remainder when 5428 is divided by 991.
473
Calculate the remainder when 34007 is divided by 39.
38
What is the remainder when 1029 is divided by 83?
33
What is the remainder when 476 is divided by 266?
210
Calculate the remainder when 11796 is divided by 11786.
10
What is the remainder when 1478 is divided by 300?
278
What is the remainder when 2668 is divided by 227?
171
Calculate the remainder when 56643 is divided by 9439.
9
Calculate the remainder when 70486 is divided by 106.
102
Calculate the remainder when 4794318 is divided by 16.
14
What is the remainder when 84400 is divided by 993?
988
What is the remainder when 10722 is divided by 234?
192
Calculate the remainder when 2508 is divided by 1471.
1037
Calculate the remainder when 958 is divided by 344.
270
Calculate the remainder when 48285 is divided by 14.
13
Calculate the remainder when 24453 is divided by 3713.
2175
Calculate the remainder when 12379 is divided by 620.
599
What is the remainder when 85763 is divided by 4288?
3
What is the remainder when 107356 is divided by 4472?
28
Calculate the remainder when 143981 is divided by 2938.
19
Calculate the remainder when 1527 is divided by 40.
7
What is the remainder when 76125 is divided by 183?
180
What is the remainder when 475 is divided by 34?
33
What is the remainder when 562164 is divided by 140540?
4
What is the remainder when 134818 is divided by 3285?
133
What is the remainder when 7454 is divided by 535?
499
What is the remainder when 766 is divided by 9?
1
What is the remainder when 190898 is divided by 31811?
32
What is the remainder when 9225 is divided by 3064?
33
Calculate the remainder when 4357 is divided by 166.
41
Calculate the remainder when 124902 is divided by 24964.
82
Calculate the remainder when 3835 is divided by 91.
13
Calculate the remainder when 2435 is divided by 491.
471
What is the remainder when 71 is divided by 65?
6
What is the remainder when 14600 is divided by 2433?
2
What is the remainder when 18638 is divided by 21?
11
What is the remainder when 35668 is divided by 183?
166
Calculate the remainder when 80898 is divided by 11548.
62
Calculate the remainder when 1984016 is divided by 21.
20
What is the remainder when 159322 is divided by 53101?
19
What is the remainder when 74931 is divided by 14?
3
What is the remainder when 823137 is divided by 68?
65
Calculate the remainder when 2758 is divided by 302.
40
Calculate the remainder when 863487 is divided by 56.
23
What is the remainder when 15088 is divided by 4867?
487
What is the remainder when 66992 is divided by 48?
32
Calculate the remainder when 13972 is divided by 59.
48
What is the remainder when 4105 is divided by 187?
178
What is the remainder when 82963 is divided by 95?
28
What is the remainder when 52039 is divided by 58?
13
Calculate the remainder when 1299 is divided by 229.
154
Calculate the remainder when 633036 is divided by 18.
12
What is the remainder when 33568 is divided by 60?
28
What is the remainder when 19675 is divided by 4784?
539
Calculate the remainder when 9024 is divided by 322.
8
What is the remainder when 48915 is divided by 347?
335
What is the remainder when 195039 is divided by 8?
7
What is the remainder when 27708 is divided by 792?
780
What is the remainder when 51513 is divided by 236?
65
What is the remainder when 32035 is divided by 41?
14
Calculate the remainder when 35993 is divided by 160.
153
Calculate the remainder when 62976 is divided by 3148.
16
Calculate the remainder when 1089 is divided by 21.
18
Calculate the remainder when 10197 is divided by 1411.
320
Calculate the remainder when 11276 is divided by 40.
36
What is the remainder when 158 is divided by 16?
14
Calculate the remainder when 1770270 is divided by 98.
96
Calculate the remainder when 169739 is divided by 820.
819
Calculate the remainder when 2387 is divided by 1107.
173
What is the remainder when 9865 is divided by 534?
253
What is the remainder when 4201 is divided by 144?
25
Calculate the remainder when 2420 is divided by 804.
8
Calculate the remainder when 35110 is divided by 305.
35
What is the remainder when 2461 is divided by 710?
331
What is the remainder when 1303207 is divided by 58?
5
Calculate the remainder when 120878 is divided by 120871.
7
What is the remainder when 6566 is divided by 601?
556
Calculate the remainder when 385 is divided by 83.
53
Calculate the remainder when 40636 is divided by 2709.
1
Calculate the remainder when 18015 is divided by 91.
88
Calculate the remainder when 148956 is divided by 26.
2
Calculate the remainder when 16682 is divided by 78.
68
Calculate the remainder when 1410727 is divided by 136.
135
What is the remainder when 85121 is divided by 172?
153
What is the remainder when 292326 is divided by 9?
6
Calculate the remainder when 825 is divided by 189.
69
Calculate the remainder when 1318 is divided by 33.
31
Calculate the remainder when 485902 is divided by 212.
210
What is the remainder when 136418 is divided by 82?
52
Calculate the remainder when 8071 is divided by 2288.
1207
What is the remainder when 112401 is divided by 348?
345
What is the remainder when 6066 is divided by 4?
2
What is the remainder when 14674 is divided by 2934?
4
Calculate the remainder when 574309 is divided by 597.
592
Calculate the remainder when 2649 is divided by 17.
14
Calculate the remainder when 30211 is divided by 840.
811
Calculate the remainder when 64678 is divided by 264.
262
Calculate the remainder when 1110597 is divided by 15.
12
Calculate the remainder when 6849 is divided by 13.
11
Calculate the remainder when 101791 is divided by 9.
1
What is the remainder when 109213 is divided by 29?
28
Calculate th